- 24. Let a(p) = p. Suppose -3 - 2 = 4*g - m, 0 = 5*g + 3*m + 2. Let z(d) = g*n(d) - 6*a(d). What is the units digit of z(-7)?
0
Let a be (0/(-2))/((-4)/(32/(-24))). Suppose -d - 1288 = -5*n, -10 = -5*d - a*d. What is the units digit of n?
8
What is the tens digit of (427560/245)/(80/(-28) + 3)?
1
Let j(m) = -4*m**2 - m + 6. Let d be j(3). Suppose -2*q + 166 = -20. Let c = q - d. What is the tens digit of c?
2
What is the tens digit of (4 - (-145)/(-10))*2/3 - -45576?
6
Let g(h) = -2900*h**3 - 3*h**2 - 6*h - 13. What is the thousands digit of g(-2)?
3
Let x(r) = -r**3 + 3*r**2 + 12*r - 8. Let y be x(5). Let i(m) be the second derivative of m**4/4 - m**3/6 - m**2/2 - 3*m. What is the units digit of i(y)?
9
Suppose 2*q + 2010 = 7*q. Suppose -9*a = -2001 - q. What is the units digit of a?
7
Let b(r) = r**3 - 9*r**2 + 4*r - 2. Let s be b(6). Let y = s - -198. Suppose -c - y = -2*l, l + 2*c - 224 = -3*l. What is the units digit of l?
6
Suppose 0 = -98*m - 2*m + 369477 + 577823. What is the units digit of m?
3
Suppose -3*v - 8495 = -y, -166*y + 163*y = 2*v - 25397. What is the tens digit of y?
7
Let m(q) = 134*q**2 - 315*q - 4659. What is the thousands digit of m(-14)?
6
Let i(b) = b**3 + 4*b**2 - 8*b - 26. Let t be i(-3). Suppose 3013 + 2958 = t*p. What is the hundreds digit of p?
8
Let h(b) = -2229*b + 506. What is the ten thousands digit of h(-5)?
1
Let b(z) = -z**3 - 5*z**2 + 4*z - 5. Let h(u) = -u**2 + 10*u + 3. Let s be h(10). Let n be -11 + -3 + s + 4. What is the units digit of b(n)?
5
Let b(p) = p**2 - 26*p + 148. Let a be b(8). Suppose -a*r - 14*r = -31050. What is the tens digit of r?
2
Suppose 5*x = -3*i + 51685, 0 = x - 5*i - 6863 - 3474. What is the units digit of x?
7
Let j(w) = -2*w**3 + 7*w**2 + 4*w - 60. What is the thousands digit of j(-14)?
6
Suppose -4*d + 2*a = -72254, -42*d + 40*d - a = -36129. What is the hundreds digit of d?
0
Let q be 4/32 - 0 - (-525)/24. Suppose 0 = -q*a + 21*a + 221. What is the hundreds digit of a?
2
Let r = 26 - 24. Suppose -r*g + 1957 = 641. What is the hundreds digit of g?
6
Let g(t) = -4341*t - 13454. What is the ten thousands digit of g(-9)?
2
Let j(b) = -b**2 - 31*b - 34. Let l be j(-22). Let r = l + -17. What is the tens digit of r?
4
Suppose 2*a = w - 8769, 2*w + 18*a - 19*a - 17544 = 0. What is the thousands digit of w?
8
Let i = 101247 - 71319. What is the ten thousands digit of i?
2
Suppose -11*x + 1541 = 353. Suppose 5*o - 4068 = -x. Suppose -o = -q - 7*q. What is the units digit of q?
9
Let a(s) = 77*s - 5. Let b be a(-6). What is the tens digit of (-12)/(-6) - b - -1?
7
Let l(y) be the first derivative of -4*y**4 - 12 + 0*y**3 + 1/2*y**2 + 0*y. What is the hundreds digit of l(-2)?
1
Let a be (63/14 - 4) + 318062/4. Suppose 0 = 57*q + 20920 - a. What is the units digit of q?
8
Suppose 3*b - 8*b = 230. Let l = b - -57. Suppose -l*k = 8*k - 190. What is the tens digit of k?
1
Let j(l) = l**3 - 11*l**2 + 7*l + 3. Let v be j(10). Let o = v - -29. Suppose -5*n = 10, 3*k - 52 = o*k + n. What is the tens digit of k?
5
Let g = 843 + -162. Suppose 0 = -3*u - 2*w + 1011, g = 2*u - 4*w + 3*w. What is the hundreds digit of u?
3
Let y be ((-843)/(-9))/(15/270). Suppose 0 = 4*b - 2*u - 1354, u - 5*u + y = 5*b. What is the units digit of b?
8
Suppose x - 6 = -2*x. Let v(j) = -2*j**3 + 5*j**2 - 2*j + 1. Let u be v(x). Suppose 2*g - 7*g + 440 = -5*c, 0 = c + u. What is the units digit of g?
7
Let y(o) = o**2 + 10*o + 12. Let w be y(-9). What is the hundreds digit of -3 + 0 - 1/(w/(-735))?
2
Let y(g) = -17*g - 22. Let w(t) = -34*t - 43. Let k(v) = 4*w(v) - 9*y(v). Let x be k(17). Let h = -149 + x. What is the hundreds digit of h?
1
Let t(n) = -n**3 + 16*n**2 - n + 26. Let h be t(16). Suppose 0 = h*i - 14*i + 500. What is the hundreds digit of i?
1
Suppose -3*x = 3*d - 195492, -5*d + 325785 = 147*x - 149*x. What is the tens digit of d?
5
Let s be ((-4 - -4)/(-9))/1. Suppose s = 5*g + 10, 3*i + 3436 = 5*g + 8909. What is the hundreds digit of i?
8
Let o = -47 + 51. Let w be 3 - 3/(2/(o/3)). What is the tens digit of (3/6 - w)/((-2)/248)?
6
Suppose 2*a - 1188 - 972 = 0. Suppose -1131 = -3*n + a. What is the tens digit of n?
3
Let d = 6448 - -1496. What is the thousands digit of d?
7
Let n = -119 - 128. Let q = n - -528. What is the units digit of q?
1
Suppose -5*d + 103 = 83, h - 6608 = -d. What is the thousands digit of h?
6
Let f(r) = -119*r. Let z(g) = 237*g - 1. Let i(y) = -5*f(y) - 2*z(y). Suppose -12 = 240*v - 252*v. What is the units digit of i(v)?
3
What is the thousands digit of ((-10)/(-3))/(460/1170792)?
8
Suppose -18 = 4*l - 26. Suppose l*i = -2*i + 2916. Suppose 3*u + i = 12*u. What is the units digit of u?
1
Suppose 1891*d + 17180 = 1901*d. What is the units digit of d?
8
Let o = 110 + -95. Suppose 0 = t + 2*a - 16, -o = -5*t - 3*a + 37. Suppose -4*g = 4*q - 127 - 833, 0 = 4*q + t. What is the tens digit of g?
4
Let f(q) = 9*q**2 + 1 + 2 - 4*q**2 + 58*q**3 - 2*q - 13*q**3. What is the hundreds digit of f(2)?
3
Suppose 0 = -7*y - 70 - 98. Let g be ((-6)/4)/(y/(-544)). Let a = 86 + g. What is the tens digit of a?
5
Suppose 4*v + 33 = -3*i + 275, -4*i - 2*v = -316. Let x = 151 - i. Let y = -39 + x. What is the units digit of y?
4
Let a = 28182 + -13169. What is the ten thousands digit of a?
1
Suppose 0 = 5*u - g - 25, -5*u + g = 2*g - 15. Suppose -2*x = 3*s - 221, u*x - 440 = -2*s - 2*s. What is the hundreds digit of x?
1
Suppose -2*a - 6 = -5*a. Suppose a*x - 34 = -15*x. Suppose x*v - 5*q - 437 = 0, q - 643 = -3*v - 4*q. What is the tens digit of v?
1
Let t(c) = -c**2 - 17*c - 13. Let w be t(-17). Let g = 3 - w. Suppose -g = -5*q + 179. What is the tens digit of q?
3
Suppose 156086 = 32*l + 43734. What is the tens digit of l?
1
Suppose -2*v - 384 = -404. Suppose v*a = a + 3096. What is the hundreds digit of a?
3
Let j = 28973 - 18022. What is the tens digit of j?
5
Let g(x) = 1122*x - 1757. What is the thousands digit of g(37)?
9
Let c = 80 - 76. Suppose c*y - 1204 = -4*j, -4*y - 786 = -j - 1975. Let k = 539 - y. What is the units digit of k?
1
Suppose 0 = -c + s + 150 + 76, 0 = -2*c + s + 454. Suppose -3*i + 4*b + 229 = -113, -3*b + c = 2*i. Let v = 188 - i. What is the tens digit of v?
7
Let u be -9 + -2 + 8 + 7*1. Suppose -u*c - 394 = -1354. What is the tens digit of c?
4
What is the thousands digit of (12/1)/(15/(-4960)*-1) - 1?
3
Let d(b) = -b**3 - 6*b**2 - 11*b - 3. Let f be d(-3). Suppose 3*i - 327 = -f*p, 6*p = p - i + 565. Let n = p + -52. What is the tens digit of n?
6
Let w = 5206 - 2771. What is the tens digit of w?
3
Suppose 6*x + 4511 = 16805. Suppose -5*f = -3*o - x, -f + 812 = f - 5*o. What is the hundreds digit of f?
4
Let j(f) = 592*f**2 - 181*f - 704. What is the hundreds digit of j(-4)?
4
Suppose -l + 1199 = 4*p - 0*p, 4736 = 4*l - 4*p. Let o = -190 + l. What is the hundreds digit of o?
9
Let a be 3 + 1 - (-5)/(5/(-3)). Let j be (-1 + -5 - 1*-4)*a. What is the hundreds digit of 17/j*-11*2?
1
Let h(x) = -656*x + 26. Let q be h(-2). Suppose -5*n = -4*c + q, 2*c + c - 5*n = 1006. What is the tens digit of c?
3
Let f(h) = 27*h + 61. Let g be f(31). Let w = g - 222. What is the hundreds digit of w?
6
Let a = 1264 - -145. Suppose -4*g = -a - 20683. Suppose -27*p + 6*p + g = 0. What is the tens digit of p?
6
Let u be -4 - -1 - (-7)/(0 - -1). Suppose -u*j = 3*i - 660, -i - 4*j + 231 = j. Suppose 3*c - i + 3 = 0. What is the tens digit of c?
7
Let m(q) = -q - 8. Let k be m(-8). Suppose 5*v - u + 4*u = 60, k = -3*v + 2*u + 17. Let l(r) = 3*r + 31. What is the tens digit of l(v)?
5
Let w be 22/231 - 5983/(-21). Suppose -w*c = -272*c - 15301. What is the thousands digit of c?
1
Suppose -2*u + b + 1628 = 0, -4*u + 15*b + 3260 = 12*b. Suppose 813*o - u*o = 6. What is the units digit of o?
6
Let t = -329 - -338. Let c = t - -411. What is the hundreds digit of c?
4
Let g be (-3 + 3/6 - -2)*0. Suppose t - 5*t + 1004 = g. Suppose -t = -3*f - 4*h, -4*f - 2*h = -115 - 223. What is the units digit of f?
5
Let x(m) = 1186*m - 4216. What is the hundreds digit of x(15)?
5
Suppose -5*a - 2*v = 127 - 2820, -v = -3*a + 1607. Suppose -533*h + a*h = 3760. What is the units digit of h?
0
Let d be (5 - 48/9)*-3 + (-19 - -17). Let b be (-5)/(-2)*(-32)/2. Let c = d - b. What is the tens digit of c?
3
Let d(